culate b(7).
-1
Let t(k) = 5*k**3 + 415*k**2 - 426*k - 507. What is t(-84)?
-3
Let k(a) = -a**3 - 90*a**2 - 392*a - 4158. What is k(-86)?
-30
Let h(v) = 35*v - 2490. What is h(71)?
-5
Let o(y) = 3*y**3 + 458*y**2 + 299*y - 790. Calculate o(-152).
-30
Let i(p) = -3*p**2 - 8*p + 267. Give i(16).
-629
Let t(p) = 210*p - 3201. What is t(15)?
-51
Let n(q) = -q**2 + 48*q + 50. Calculate n(-1).
1
Let r(v) = v**3 - 38*v**2 + 161*v + 157. Determine r(33).
25
Let f(y) = y**3 + 26*y**2 - 10*y - 243. Calculate f(-26).
17
Let u(d) = -45*d - 1285. Determine u(-29).
20
Let u(i) = i**2 - 110*i + 3013. Determine u(52).
-3
Let b(p) = -2*p**2 - 230*p + 477. Determine b(-117).
9
Let l(y) = 2*y**2 - 13*y - 47. Calculate l(-7).
142
Let q(r) = -3*r**2 + 83*r - 315. What is q(4)?
-31
Let p(i) = i**2 + 31*i + 206. What is p(-14)?
-32
Let n(s) = -14*s - 171. Calculate n(-23).
151
Let o(x) = -1805*x - 21658. Calculate o(-12).
2
Let n(m) = -m**2 - 43*m + 214. Give n(-47).
26
Let g(w) = -549*w + 16473. Calculate g(30).
3
Let t(a) = -54*a + 276. Give t(5).
6
Let w(l) = -226*l + 4174. Determine w(18).
106
Let c(o) = -223*o - 1547. What is c(-7)?
14
Let l(v) = -549*v**2 + 10431*v - 20. Determine l(19).
-20
Let r(y) = -2*y**2 + 80*y - 655. Calculate r(16).
113
Let k(t) = 71*t**3 - 11*t**2 + 26*t - 15. What is k(1)?
71
Let p(t) = 2*t**2 + 131*t + 283. Give p(-63).
-32
Let u(w) = -2*w**2 + 470*w - 2315. Determine u(5).
-15
Let x(l) = -4*l**2 + 4*l + 6. Determine x(-3).
-42
Let y(q) = -2*q - 13. Determine y(0).
-13
Let q(u) = 219*u + 4616. What is q(-21)?
17
Let g(n) = -n**3 + 155*n**2 - 5795*n - 77. Calculate g(63).
-14
Let r(q) = q**2 - 26*q - 156. Give r(-5).
-1
Let f(n) = -6*n**2 + 18*n + 7. Give f(6).
-101
Let s(t) = 2*t**2 - 64*t + 439. Determine s(19).
-55
Let i(x) = 4*x**2 - 23*x + 4. What is i(7)?
39
Let n(d) = d**2 + d - 66. Calculate n(25).
584
Let v(f) = 8*f**2 - 82*f + 26. Give v(10).
6
Let l(z) = -1244*z**3 + 2*z**2 - 6*z - 8. Determine l(-1).
1244
Let z(w) = 7*w - 527. Determine z(90).
103
Let y(p) = p**2 + 8*p - 1211. Give y(31).
-2
Let m(o) = -2*o**2 - 8*o + 280. What is m(-18)?
-224
Let w(v) = -527*v + 30578. What is w(58)?
12
Let h(g) = g**2 - 25*g + 128. Determine h(26).
154
Let t(u) = -3*u**3 + 5*u**2 + 60*u + 53. Give t(-1).
1
Let h(b) = -27*b - 231. Determine h(-9).
12
Let n(u) = -2*u**3 + 24*u**2 - 8*u + 75. Give n(12).
-21
Let r(b) = -b**2 - 48*b - 561. Determine r(-28).
-1
Let c(y) = -94*y - 1308. Determine c(-14).
8
Let s(h) = -89*h + 495. Calculate s(3).
228
Let g(i) = i**3 - 41*i**2 - 37*i - 1. Give g(42).
209
Let n(m) = -73*m - 50. Determine n(4).
-342
Let f(g) = 2*g**3 - 26*g**2 - 29*g + 52. Calculate f(14).
38
Let j(s) = 2*s - 55. What is j(-20)?
-95
Let d(a) = 158*a - 319. What is d(2)?
-3
Let f(d) = d**3 + 34*d**2 - 2*d - 77. Determine f(-34).
-9
Let h(k) = -2*k**3 - 3*k**2 - 2*k. Determine h(-2).
8
Let x(r) = -462*r + 3253. What is x(7)?
19
Let l(x) = 10*x**2 - 235*x + 26. Give l(23).
-89
Let y(x) = -3758*x - 45093. What is y(-12)?
3
Let n(g) = 3*g**3 + 90*g**2 + g + 6. What is n(-30)?
-24
Let r(x) = 36*x + 182. Determine r(-4).
38
Let d(z) = -136*z - 2588. What is d(-19)?
-4
Let m(l) = 88*l + 414. Determine m(-3).
150
Let z(o) = -6*o + 327. Determine z(19).
213
Let g(x) = 19*x + 45. What is g(-2)?
7
Let j(o) = 455*o - 939. What is j(2)?
-29
Let k(t) = -8*t**2 + 76*t - 2. Determine k(8).
94
Let r(c) = c**3 + 163*c**2 + 158*c - 652. Give r(-162).
-4
Let u(i) = 2172*i + 30402. Give u(-14).
-6
Let u(o) = -2*o**2 - 234*o + 961. Calculate u(4).
-7
Let p(i) = -196*i - 41. What is p(-1)?
155
Let u(g) = -50*g - 1752. What is u(-35)?
-2
Let g(j) = -10*j**2 + 1934*j - 764. Determine g(193).
8
Let v(n) = -8*n**2 - 18*n - 49. Give v(-3).
-67
Let l(d) = 40*d - 404. Give l(10).
-4
Let m(p) = -268*p - 1357. Calculate m(-5).
-17
Let d(i) = i**3 + 6*i**2 - 12*i - 78. Determine d(-5).
7
Let k(j) = 21*j**2 - 191*j + 7. Calculate k(9).
-11
Let i(k) = k**3 + 99*k**2 + 386*k + 561. What is i(-95)?
-9
Let c(n) = -n**3 - 102*n**2 - 125*n - 2432. Determine c(-101).
-8
Let z(d) = -1287*d + 45068. Calculate z(35).
23
Let i(s) = s**3 + 25*s**2 - 87*s - 57. Determine i(-28).
27
Let k(t) = t**3 + 19*t**2 - 65*t + 4. Determine k(-22).
-18
Let t(w) = 2*w**3 - 4*w**2 - 6*w + 8. What is t(-2)?
-12
Let j(f) = f**2 - 40*f + 38. Give j(39).
-1
Let i(o) = -2*o**3 - 80*o**2 - 10. What is i(-40)?
-10
Let h(a) = -47*a - 75. Calculate h(-1).
-28
Let t(y) = y + 96. Calculate t(38).
134
Let d(n) = n**3 - 7*n**2 + 6*n - 24. Calculate d(7).
18
Let z(c) = c**3 - 16*c**2 + 18*c + 53. What is z(5)?
-132
Let k(d) = -332*d - 204. Give k(-1).
128
Let s(c) = -c**3 + 15*c**2 - 52*c - 69. Determine s(7).
-41
Let x(u) = 4*u**3 + 18*u**2 - 95*u - 409. Calculate x(-4).
3
Let l(d) = -3*d**3 + 108*d**2 - 542*d + 7. Give l(6).
-5
Let q(y) = -80*y - 1901. What is q(-24)?
19
Let r(g) = 4*g**2 - 26*g - 9. Calculate r(7).
5
Let z(y) = -79*y**2 + 37*y + 38. What is z(-1)?
-78
Let u(c) = -c**3 + 17*c**2 + 89*c - 58. Calculate u(21).
47
Let n(f) = -2*f**3 + 9*f**2 + 51*f - 69. Calculate n(7).
43
Let m(b) = 27*b**2 + 27*b + 57. Determine m(-2).
111
Let d(w) = 107*w - 609. Calculate d(10).
461
Let v(o) = -21*o**2 + 71*o - 7. Determine v(3).
17
Let n(i) = i**2 + 767*i + 19976. What is n(-27)?
-4
Let l(v) = 98*v + 365. Determine l(-8).
-419
Let p(o) = 76*o - 232. Determine p(3).
-4
Let i(k) = 2*k**3 - k**2 - 6*k - 3. Give i(-2).
-11
Let u(l) = -3*l**3 - 36*l**2 - 35*l - 27. Calculate u(-11).
-5
Let i(b) = -3*b**2 + 76*b - 415. Give i(19).
-54
Let g(i) = i**3 - 6*i**2 - 15*i + 76. Give g(-4).
-24
Let s(c) = -c**3 + 5*c**2 + 5*c + 33. Give s(7).
-30
Let u(l) = l**3 - 8*l**2 - 4*l + 3. Calculate u(9).
48
Let p(c) = c**3 + 5*c**2 - 19*c - 42. Determine p(4).
26
Let b(f) = -3*f**3 - 511*f**2 + 826*f - 5844. What is b(-172)?
4
Let i(s) = -14*s - 350. Give i(-23).
-28
Let o(v) = -v**2 - 129*v - 3398. Calculate o(-37).
6
Let m(l) = l**2 + 50*l - 4408. Give m(46).
8
Let o(l) = l**3 + 19*l**2 - 30*l - 164. Determine o(-20).
36
Let r(f) = -53*f**2 - 2382*f + 197. Determine r(-45).
62
Let n(x) = 6*x + 682. Give n(-55).
352
Let k(o) = -11*o**2 - 599*o + 4729. Determine k(7).
-3
Let q(x) = -11*x + 77. Give q(-12).
209
Let d(r) = r**3 + 10*r**2 + 49*r + 293. What is d(-9)?
-67
Let f(s) = s**3 + 20*s**2 + 58*s + 100. Determine f(-17).
-19
Let t(l) = -36*l + 2303. Determine t(64).
-1
Let z(w) = -345*w + 16927. What is z(49)?
22
Let t(l) = 3*l**2 - 509*l - 155. Give t(170).
15
Let j(f) = -f**3 + 14*f**2 + 50*f - 277. What is j(16)?
11
Let w(p) = -143*p**2 - 2430*p + 62. Give w(-17).
45
Let h(s) = s**3 + 24*s**2 + 277*s + 1086. Calculate h(-7).
-20
Let w(u) = -15*u - 23. Determine w(-8).
97
Let d(q) = -4*q**3 + 37*q**2 - 77*q + 74. Give d(7).
-24
Let z(a) = a**2 + 17*a - 104. Give z(-22).
6
Let j(c) = -c**3 + 62*c**2 + 34*c - 2108. Calculate j(62).
0
Let p(t) = 23*t**2 + 235*t + 49. Determine p(-10).
-1
Let x(j) = 59*j**2 - 295*j + 8. Give x(5).
8
Let j(q) = 2*q**3 + q**2 - 7*q + 14. Calculate j(5).
254
Let c(v) = -8*v - 101. What is c(-7)?
-45
Let k(o) = 261*o - 1579. Calculate k(6).
-13
Let q(g) = -5*g**3 - 102*g**2 + g + 326. Determine q(-20).
-494
Let d(y) = y**3 + 6*y**2 - 19*y + 17. Determine d(-8).
41
Let h(v) = v**3 + 80*v**2 - 78*v + 235. Give h(-81).
-8
Let y(n) = 34*n - 256. Determine y(8).
16
Let y(k) = 16*k**2 - 26*k + 7. Calculate y(5).
277
Let s(x) = x**2 - 31*x + 5. Calculate s(0).
5
Let h(n) = -182*n - 21354. Calculate h(-117).
-60
Let p(i) = 2*i**3 - 118*i**2 + 117*i - 14. Determine p(58).
44
Let u(n) = -8*n - 128. Determine u(-22).
48
Let j(c) = 3*c**2 + 229*c + 8. What is j(-75)?
-292
Let w(l) = -l**2 - 16*l + 108. Calculate w(4).
28
Let k(p) = -41*p - 1337. Determine k(-31).
-66
Let p(n) = -483*n + 2899. Calculate p(6).
1
Let g(v) = -v**3 + 7*v**2 - 21*v - 5. Determine g(4).
-41
Let n(y) = 2*y**3 - 10*y**2 + 23*y - 40. Calculate n(3).
-7
Let u(f) = -1430*f - 1426. Calculate u(-1).
4
Let i(h) = -h**3 - 18*h**2 + 18*h - 23. Calculate i(-19).
-4
Let q(u) = -32*u + 70. What is q(2)?
6
Let k(y) = 313*y - 4374. What is k(14)?
8
Let x(y) = -6*y**2 + 43*y + 38. What is x(8)?
-2
Let c(i) = 43*i + 3821. Calculate c(-89).
-6
Let v(b) = -b**3 + 9*b**2 + 29*b - 54. Give v(11).
23
Let a(x) = -21*x**3 + 37*x**2 + 3*x - 2. 